12, -4*y = u*c - 62 + 10. Is y composite?
False
Suppose 5*n - 2*m + 2763 - 18786 = 0, -3*n + 9625 = -4*m. Is n prime?
True
Let m = 4 + -1. Suppose -2*n + m*i - 5 = 0, 20 = 4*n + 4*i - 0*i. Suppose -4*o + n*c = -3*c - 19, 0 = -4*o - 4*c + 64. Is o a prime number?
True
Let y = 508 + -363. Is y a prime number?
False
Let l(m) = -9*m**2 + 6*m + 1. Let f be l(5). Let j = f - -361. Is j composite?
False
Let x(q) = 10*q**2 + 10*q - 7. Is x(8) a composite number?
True
Let g(c) be the second derivative of -2*c**6/15 - c**5/30 - c**4/12 - c**3/6 - c**2 + 2*c. Let i(x) be the first derivative of g(x). Is i(-1) prime?
False
Is (-707)/(-5) - 6/15 a composite number?
True
Let v(u) = -5*u + 2. Let c(j) = -15*j + 5. Let x(b) = -3*c(b) + 10*v(b). Let s be x(6). Let p = 39 + s. Is p prime?
False
Suppose 0 = o - 5*o + z + 12, 3*z = 0. Let j be (0 + 0)/(1 - o). Is (j - -3)*356/12 composite?
False
Let m(j) = 101*j - 7. Let g be m(5). Suppose 4*p - 10 = g. Is p prime?
True
Let y(l) = l**3 - 7*l**2 + 15*l - 14. Is y(11) composite?
True
Suppose -l + 6*l = 1655. Is l composite?
False
Suppose -2*a + 1224 = -1574. Is a a prime number?
True
Let i = 1803 - 44. Is i a composite number?
False
Let l be (-126)/(-26) - 2/(-13). Suppose 4*u - l*f - 205 = 1231, -u + 5*f + 359 = 0. Is u a composite number?
False
Let c(l) = -163*l - 1. Let b be c(-1). Let x = b + -107. Is x a composite number?
True
Suppose -3*s - 388 = -2*i + 65, -4*i - 5*s = -851. Is i composite?
True
Let a(v) = v**3 - 9*v**2 - 4. Let r be a(9). Is r/14 + (-312)/(-14) a composite number?
True
Let m = 3831 + -2644. Is m a composite number?
False
Suppose 0 = -3*w + 7*w + 36. Let p be ((-3)/(-2))/(3/(-4)). Let h = p - w. Is h a composite number?
False
Suppose 4*h = -4*v + h + 255, 2*v + h - 127 = 0. Is 14035/v + 2/9 a composite number?
False
Let z be 317/4 - 6/(-8). Let b = -45 + z. Is b a composite number?
True
Suppose 6*b = 5*b + 974. Is b composite?
True
Let i = -962 - -1558. Suppose 9*h = 5*h + i. Is h a composite number?
False
Suppose 3*s + 3*t - 9804 = 2*t, -4*t = s - 3257. Is s composite?
True
Suppose -2*p - 4*q = -32 - 216, -5*p - 2*q = -612. Suppose -2*s = -3*t - 65, -4*s - t - t = -p. Is s prime?
True
Suppose y - 5*d - 92 = 87, 537 = 3*y + 3*d. Suppose 180 = 5*g - 4*l - 275, -2*g + l + y = 0. Suppose v + 0*v - g = 0. Is v a composite number?
True
Let v(c) = 3*c**3 + 4*c**2 - 3*c - 4. Let g be v(3). Let a(t) = t**2 - 9*t + 2. Let f be a(9). Suppose -f*q + 50 = -g. Is q prime?
False
Is (-1567)/((-7 - -4)/3) prime?
True
Let w = -796 - -1437. Is w a composite number?
False
Let d(j) = 910*j + 3. Is d(1) composite?
True
Is (1/(3/(-933)))/(-1) a composite number?
False
Suppose -3*p = -p - 1334. Is p a prime number?
False
Let z(t) be the second derivative of -t**3/6 + 4*t**2 + 4*t. Let n(o) = -3*o + 17. Let p(r) = -3*n(r) + 7*z(r). Is p(8) prime?
False
Is 2*((-494)/(-4) + 2) composite?
False
Let m(b) = -b**3 + 4*b**2 + 3. Let r be m(4). Let h = r + 1. Suppose -142 = -5*i - 4*u + 97, -h*i + 190 = 2*u. Is i a prime number?
True
Let a(f) = 10*f. Let l be a(5). Let c = 117 - l. Is c a composite number?
False
Let r(o) = 124*o**3 - 2*o + 1. Is r(1) a composite number?
True
Let d(f) = -f**2 - 185. Let g be d(0). Let c = g - -264. Is c a composite number?
False
Let v = 4175 + -2398. Is v a prime number?
True
Let l = 3 + -1. Suppose -4*f + 3*r = -875, -3*f = l*r - 4*r - 657. Suppose -q = -f + 40. Is q a composite number?
False
Suppose -4*t - 4*p = -7*p - 29, -3*t + 27 = -4*p. Suppose -3*c = -4*a + t, -4*a = -2*c - 0*c - 10. Let n(w) = -w**2 + 6*w + 6. Is n(c) prime?
True
Is (-10)/(3 + (-17)/758*134) composite?
True
Let k = 154 - 75. Is k a prime number?
True
Let d = 4113 - 1294. Is d a prime number?
True
Suppose 3*p - 4*p = 0. Suppose p - 12 = 2*o. Is (-174)/o - (0 - -3) a prime number?
False
Suppose -4*n = -3*x + 127, -5*x + 156 = 2*n - 99. Let o = x + 4. Is o composite?
False
Suppose 0 = 3*c + 2*y - 8, -5*c + y = 1 + 3. Suppose -7*k = 4*r - 2*k - 220, -k = c. Is r composite?
True
Let m be (-2 + 3/2)*2. Let n = m - -3. Suppose 3*r = 8*w - 3*w - 419, n*w - 174 = -2*r. Is w a composite number?
True
Let w(j) be the second derivative of 3*j + 1/2*j**3 + 0 + 1/2*j**2. Is w(2) composite?
False
Let w(l) = -51*l + 1. Is w(-8) a composite number?
False
Let x be 9/((-1 + -1)/2). Let p = x - -13. Suppose 0 = p*b + 2*g - 7*g - 37, -4*b - g + 7 = 0. Is b a composite number?
False
Is ((-3790)/20)/((-2)/4) a composite number?
False
Let f = 19 - 33. Let i = 5 - f. Is (i/4)/((-3)/(-12)) prime?
True
Let r(f) = -42*f - 3. Let y be r(8). Is (2/2)/((-3)/y) a prime number?
True
Is -934*2*2/(-8) a composite number?
False
Let g(i) = 1949*i**2. Is g(1) composite?
False
Suppose -5*t - 2*a + 701 = -4*a, 0 = -2*t - a + 284. Is t composite?
True
Let o be ((-3)/1)/((-6)/(-8)). Let c = 7 - o. Suppose 236 = 3*s - 4*f + c, 5*f - 15 = 0. Is s composite?
False
Suppose -2*n + 49 = 4*k - 37, 5*k = -4*n + 187. Is n a prime number?
True
Let d = 10 + -6. Suppose -1001 = -d*b - 117. Is b a prime number?
False
Is (-684)/(-2) + (-3 - -2) prime?
False
Suppose 0 = -k + 18 + 17. Is k a prime number?
False
Is 16/72 - (-5522)/18 composite?
False
Let k(a) = a**3 + 12*a**2 - 10*a - 9. Is k(8) prime?
False
Let z(h) = 2*h + 2*h + 6*h + h**2 + 2 - 2*h. Let s be z(-10). Suppose 20 = 3*i - s. Is i a composite number?
True
Suppose 0 = b + i - 3*i + 6, 2*b - 12 = -4*i. Suppose 0*n - 5*n + 15 = b. Is (-2 - -1)/(n/(-33)) a composite number?
False
Let y = -2 - -193. Is y a prime number?
True
Let d(x) = 23*x**2 - 5*x + 2. Let f be d(-6). Let w = f + -531. Is w a prime number?
False
Let l = 4 - 4. Suppose l = -c - 8 + 31. Is c a prime number?
True
Let y(d) = -53*d. Let u be y(1). Is (u/3)/((-1)/3) prime?
True
Is ((-39)/(-26))/(9/9942) prime?
True
Suppose w + w = -k, 4*k + w = 0. Suppose -y + 6*y - 530 = k. Is y a prime number?
False
Suppose 0 = z - 4. Suppose -z*x = -6 + 2. Is (-37)/3*(x + -4) composite?
False
Let v = -34 + 416. Is v composite?
True
Suppose 0*j = j + 16. Let g = -9 - j. Is g a prime number?
True
Let g = 14 + -1. Is g a prime number?
True
Let p(w) = -w**2 - 2*w + 2. Let o be p(-2). Suppose n + o*k = 5*n + 10, 20 = 5*n + 4*k. Is 47 + n/(3/(-1)) composite?
False
Let z(k) = 2*k. Let y be z(3). Let u = 8 - y. Suppose -42 = -u*q + 3*a, -3*q - a - 12 + 75 = 0. Is q a prime number?
False
Let t(s) = -24*s - 10*s + 1 - 2. Is t(-5) prime?
False
Suppose -4 = -3*j + 2. Suppose 0 = j*u - 197 - 75. Let b = u - 93. Is b a prime number?
True
Suppose 2*q - 29 = 311. Let h be ((-123)/2 + 1)*2. Let z = q + h. Is z a prime number?
False
Suppose -z + 3*t + 504 = 0, 4*z - 4*t - 1000 = 2*z. Let h = 1165 - z. Is h prime?
True
Suppose 4*k = -752 + 4436. Is k a prime number?
False
Let k(t) = -t**2 - 9*t - 7. Let i be k(-8). Let f(a) = 234*a**2 + 2*a - 1. Is f(i) a composite number?
True
Let g(u) = 7*u**2 - 2 - 4*u + 0 + 3*u + 7*u. Is g(-5) a prime number?
False
Let d(w) = 33*w**2 + 3*w + 5. Is d(-5) a composite number?
True
Suppose 4261 = 4*y + 1529. Is y prime?
True
Let n = 38 + 111. Is n composite?
False
Let w(v) = 20*v**3 - v**2 + 2*v. Is w(3) composite?
True
Suppose -5*k + 4905 = 4*p, -1585 = 3*p + 4*k - 5263. Suppose n - 6*n + p = 5*d, -5*d = 2*n - 489. Let m = 366 - n. Is m prime?
False
Let p = -6 + 12. Suppose -u = -p + 1. Suppose -36 = -u*w + 94. Is w composite?
True
Let v = 2336 - -369. Is v a prime number?
False
Is (-18)/63 - 26445/(-21) prime?
True
Let x(r) be the second derivative of r**4/6 - 5*r**3/6 - r**2/2 - 3*r. Let l be x(4). Let c = 8 + l. Is c composite?
False
Suppose -3*p + 2*p = -30. Let y = p - 21. Is y a prime number?
False
Let t(n) be the third derivative of -89*n**4/24 - n**2. Is t(-1) prime?
True
Let d(b) = -2*b + 5. Let g be d(4). Is (51/6 + g)*14 a prime number?
False
Is (1 - -1)/(8/3284) prime?
True
Let j = -19 - -50. Suppose -j = -4*h + 105. Is h composite?
True
Suppose -7050 = -16*r + 1862. Is r a composite number?
False
Let q be 3/(-18) + 13/6. Suppose -4*i + 4*g = -i - 57, q*i - 38 = -g. Is i prime?
True
Let i be -308*(-2)/1 - -4. Let w = 297 + i. Is w prime?
False
Is 2 + (453/2)/(7/42) composite?
False
Suppose 0 = -4*q + 2*q - 3*x + 2696, 8 = -4*x. Is q a prime number?
False
Let b(u) = -u**3 + 16*u**2 + 11*u - 5. Is b(14) a prime number?
True
Suppose -3*